*2 + 11*x - 4. Let z(w) = -5*w**3 + 7*w**2 + 10*w - 3. Let v(u) = 4*q(u) - 3*z(u). Calculate the remainder when v(12) is divided by 9.
8
Suppose -449*h - 140 = -453*h - 3*g, 0 = 5*h + 2*g - 175. Calculate the remainder when 276 is divided by h.
31
Let n(o) = -1134*o - 3002. What is the remainder when 1214 is divided by n(-3)?
14
Calculate the remainder when (-17088)/(6 + -22) - 5*1 is divided by 350.
13
Let j(a) = -607*a + 9948. Calculate the remainder when 17933 is divided by j(16).
233
Suppose 0*j - 13 = -3*j + 2*g, 3*j = 3*g + 18. Let r be ((-21)/(-1) - -1)/j. Suppose -r*d = -20*d - 22. Calculate the remainder when d is divided by 7.
4
Suppose -5*t + 2473*r = 2477*r - 1109, -r - 9 = 0. Calculate the remainder when 2979 is divided by t.
2
Let u be 1382/6 + 2/3. Let p = u + -214. What is the remainder when 56 is divided by p?
5
Suppose 2*l = 3*l - 3*f - 1483, -3*l - 2*f = -4394. What is the remainder when l is divided by 32?
28
Suppose -5*j - 4 = a + 1, -5*j - 105 = -4*a. Suppose k = 3*g - 2*k + 6, 4*g + 5*k = -44. Calculate the remainder when 1/g - 3416/(-48) is divided by a.
11
Suppose 0 = -m - b + 24 + 76, -5*m - 2*b + 515 = 0. Calculate the remainder when m is divided by 6.
3
Let r(g) = -4*g**2 + 2*g**2 + 5*g + 1 + g**2 + 3*g**2. Calculate the remainder when r(-6) is divided by (-1)/((-324)/(-66) + -5).
10
Suppose -4*o + g + 968 = 863, -3*g + 75 = 3*o. What is the remainder when 91 is divided by o?
13
Let j be 7/(-1 + (3 - -1) + -2). Calculate the remainder when (j + (-17 - -2))*(-62)/8 is divided by 5.
2
Suppose -4*f - 116 = -i + 67, -f - 560 = -3*i. Calculate the remainder when i is divided by 22.
11
Let r(l) = -3*l - 37. Let o be r(-11). What is the remainder when 215 is divided by 3/2*((-1240)/15)/o?
29
Let l(d) be the first derivative of -d**2 + 39*d - 64. What is the remainder when 104 is divided by l(-7)?
51
Let z = 63 - -37. Let g be ((-308)/(-16))/((-9)/(-180)). Suppose q = 12*q - g. What is the remainder when z is divided by q?
30
Suppose 4*u + 960 = 3*z, -48*z + 2*u + 644 = -46*z. Calculate the remainder when z is divided by 93.
49
Let d = -418 + 276. What is the remainder when 4/8 + d/(-4) - -4 is divided by 40?
0
Let g = -20268 + 20550. Calculate the remainder when 319 is divided by g.
37
Suppose -u + 2 - 3 = 0. Let v = 13 - u. Suppose 64*f + 1417 = 77*f. What is the remainder when f is divided by v?
11
Suppose 31 = 13*m - 8. Suppose m*b = 5*v - 58, 13*b - 17 = -2*v + 8*b. What is the remainder when 515 is divided by v?
9
Let v = -271 - -269. Calculate the remainder when 184 + (2 - -3) + v + -3 is divided by 5.
4
Let x = 25 - 29. Let t = 8 + x. Suppose t*p - 4*q = 168, q - 138 = -5*p + 54. Calculate the remainder when 193 is divided by p.
37
Let i = -439 - -483. Let n = 69 - 2. What is the remainder when n is divided by i?
23
Suppose 3*l = 2*q, 2*l - 2 = 3*q - 2*l. Calculate the remainder when 86 is divided by 8/q*(198/(-12) + 0).
20
Suppose -5*a + 5*v - 3*v = -430, 0 = 4*v + 20. What is the remainder when a is divided by 46?
38
Let q(k) = k - 1. Suppose 4*a = 8*a + 3*h + 5, 3*h + 3 = -3*a. Let b be q(a). What is the remainder when ((-8)/b)/(3/27) is divided by 9?
6
Let i(b) = 2*b**3 - 2*b**2 + 3*b + 2. Calculate the remainder when 16720/60 - 36/(-27) is divided by i(3).
45
Let b(p) = 80*p**2 + 330*p - 3. Calculate the remainder when b(-11) is divided by 10.
7
Suppose 1388*z - 1344*z - 17908 = 0. What is the remainder when 2451 is divided by z?
9
Calculate the remainder when 5310 is divided by (((-1)/2)/((-4)/(-8)))/(1/(-11)).
8
Suppose 5*u + 39 = -5*y + 144, -2*u + 46 = 4*y. Let d(j) = -j**2 - 20*j - 62. What is the remainder when d(-12) is divided by u?
15
What is the remainder when 3065 is divided by (-40)/(-2) - (19 - 31)?
25
Suppose 6*x - 10*x = -12. Suppose m - 6 = x*m. Let d = 7 + m. What is the remainder when d is divided by 3?
1
Let t(i) = -3*i - 27. Let a(v) = -3*v - 29. Let q(p) = -3*a(p) + 2*t(p). What is the remainder when q(5) is divided by 13?
9
Suppose 0 = 3*g - 16*t + 15*t - 1350, 2*t + 896 = 2*g. What is the remainder when g is divided by 13?
9
Let k(q) = 2*q**2 - 15*q + 171. What is the remainder when k(7) is divided by 147?
17
Suppose -16*k + 15*k + 11 = 0. Suppose 102 = 9*v - 4*v + x, 36 = v - 5*x. Suppose 4*t = 7 + v. Calculate the remainder when k is divided by t.
4
Suppose 16*c = 11*c + 475. Suppose -c = -5*b + 25. What is the remainder when b is divided by 15?
9
Let m(u) = -611*u + 385. What is the remainder when m(-2) is divided by 115?
112
Let v = 24 + -33. Let m(l) = -9*l - 44. Calculate the remainder when 143 is divided by m(v).
32
Let o(r) = -8*r - 10. Let q be o(-8). Let h = -27 + q. Suppose 5*c = 4*z - 16, -z - 3*z + 16 = -c. What is the remainder when h is divided by z?
3
Let s be (0 + (-2)/5)*5. Let p be ((14432/24)/(-11))/(10/6 - 2). What is the remainder when (-4)/s*p/8 is divided by 7?
6
Let b(g) = 2*g**3 - 2*g**2 + 6*g - 8. Let f be b(3). Let z = 68 - f. Calculate the remainder when 174 is divided by z.
20
Suppose 7*x - 42 = -0*x. Let m(z) = -2*z + 13. Let t be m(x). Calculate the remainder when 23 is divided by 15 + (2 - t)*-3.
11
Let w(m) be the second derivative of -m**4/6 - 4*m**3 - 3*m + 1. What is the remainder when w(-11) is divided by 12?
10
Let n = -66 - -253. Let a be (-2 - -1)*(-10 + 5 - 4). Suppose -5*b - a*b = -532. What is the remainder when n is divided by b?
35
Suppose 13352 - 3853 = 122*c - 7337. What is the remainder when c is divided by 40?
18
Suppose 248*t - 9139 = 211*t. What is the remainder when 505 is divided by t?
11
Let c = 15 + -8. Suppose y = 4*a - 33, 0 = 2*a - 3*y + 5 - 14. Suppose c*l + 28 = a*l. Calculate the remainder when 39 is divided by l.
11
Let k(h) = h**3 + 31*h**2 + 23*h - 161. Calculate the remainder when 2557 is divided by k(-30).
9
Let w(g) = -266*g - 2120. Calculate the remainder when 272 is divided by w(-8).
0
Suppose d - 4*v = 127 + 98, -5*v - 227 = -d. Let l = -215 + d. Let j(q) = -15*q**3 + q**2 - 1. What is the remainder when j(-1) is divided by l?
1
Suppose 6285 = 4*m + 2*j + 745, 0 = 4*m - j - 5522. Calculate the remainder when m is divided by 234.
212
Suppose 4*l + 3*p - 504 = 0, -l + 127 = -2*p + 3*p. Let n = 10 - 6. Calculate the remainder when l is divided by 8/(-4)*(-62)/n.
30
Let u be (2/(-2) + 3)/(10/(-295)). Let m = u - -63. Suppose 0 = -m*l + 69 - 13. Calculate the remainder when 81 is divided by l.
11
Let o(r) = r**2 - 27*r + 162. Let y be o(10). Let g = -21 - -180. Calculate the remainder when g is divided by (-567)/14*y/6.
51
Suppose -8*l = 15*l - 46. Suppose -1296 = -l*u + 42. What is the remainder when u is divided by 56?
53
Let u(j) = 7*j**2 - 3*j + 2. Suppose -3*f - 4*w = -2*f + 6, -4 = 2*w. Calculate the remainder when 42 is divided by u(f).
18
Suppose 186 = 3*q - 3*p, -3*q + 16*p + 185 = 14*p. Calculate the remainder when 193 is divided by q.
10
Suppose -4*p - 44008 = -5*t, 0 = 2*p + 185 - 171. Calculate the remainder when t is divided by 4390.
16
Suppose -23 = -4*f - k, f + 0*k - 11 = -2*k. Suppose -f*q + 3630 = 5*y, -2*y + 2 + 4 = 0. What is the remainder when q is divided by 66?
63
Let a(n) = n + 28. Let l be a(-22). Suppose -l*t - 3*t = -828. Calculate the remainder when t is divided by 4.
0
Let r = 2090 + -1922. Calculate the remainder when r is divided by 10.
8
Suppose 4*i = 2*f - 18, 2*i = -2*f + f + 9. Suppose f = r - 2*h, r - h = 3*r + 2. Calculate the remainder when 2 + 4 - r - 2 is divided by 3.
0
Suppose q - 4*p + 8 = 0, 4*p + 9 = 3*q + 3*p. Suppose -2 = -5*z + q*z, -s - 2*z + 17 = 0. Calculate the remainder when 45 is divided by s.
6
Suppose 3*r - 1113 = -4*r - 14*r. Calculate the remainder when 736 is divided by r.
47
Suppose -247*n - 255 = -250*n - 4*q, -341 = -4*n - 5*q. Let k(t) = -t**3 + 5*t**2 + 6*t + 6. Calculate the remainder when n is divided by k(6).
5
Suppose 2*t - 17*t + 10 + 35 = 0. Calculate the remainder when 1096 is divided by t.
1
Let b(c) = -6*c**2 + 4*c - 3. Let t be b(2). Let x = 27 + t. What is the remainder when -6 + -12 + (37 - -2) is divided by x?
5
Let s = -792 - -774. What is the remainder when 109 is divided by 60/270 - 194/s?
10
Suppose -2*c + 23 = -9. Let z(y) = 2*y**3 + 48*y**2 - 110*y - 48. What is the remainder when z(-26) is divided by c?
12
Let c(b) = -10*b**3 + 10*b + 